{"id":2,"date":"2015-04-27T18:00:17","date_gmt":"2015-04-27T18:00:17","guid":{"rendered":"http:\/\/www.mcgestudio.com\/2015\/?page_id=2"},"modified":"2019-11-05T13:52:24","modified_gmt":"2019-11-05T13:52:24","slug":"lo-que-hacemos","status":"publish","type":"page","link":"https:\/\/mcgestudio.com\/2015\/","title":{"rendered":"Inicio"},"content":{"rendered":"<div id=\"dslc-main\">\r\n\t\t\t<div  class=\"dslc-modules-section  dslc-full \" style=\"padding-top:0px;padding-bottom:0px;\" data-section-id=\"55b41574e99\">\r\n\t\t\t\t\r\n\t\t\t\t\r\n\t\t\t\t<div class=\"dslc-modules-section-wrapper dslc-clearfix\"><div  class=\"dslc-modules-area dslc-col dslc-12-col dslc-last-col\" data-size=\"12\" data-valign=\"\" data-modules-area-id=\"112e2342cc6\" ><style type=\"text\/css\" id=\"dslca-modules-area-112e2342cc6\">.dslc-modules-area[data-modules-area-id=\"112e2342cc6\"] {:px;margin-bottom:0px;:px;background-repeat:repeat;background-position:left top;background-attachment:scroll;background-size:auto;border-width:0px;border-style:solid;}<\/style>\r\n\t\t<div id=\"dslc-module-a44f48fd4a3\" class=\"dslc-module-front dslc-module-DSLC_Shortcode dslc-in-viewport-check dslc-in-viewport-anim-none  dslc-col dslc-12-col dslc-last-col  dslc-module-handle-like-regular \" data-module-id=\"a44f48fd4a3\" data-module=\"DSLC_Shortcode\" data-dslc-module-size=\"12\" data-dslc-anim=\"none\" data-dslc-anim-delay=\"\" data-dslc-anim-duration=\"650\"  data-dslc-anim-easing=\"ease\" data-dslc-preset=\"none\" >\r\n\r\n\t\t\t\r\n\t\t\t\r\n\t\t\t\t<div class=\"dslc-module-shortcode\">\n\t\t\t\t\t<\/div>\n\t\t\r\n\t\t\t\t<\/div><!-- .dslc-module -->\r\n\t\t<\/div><\/div><\/div>\r\n\t\t\t<div  class=\"dslc-modules-section  dslc-no-columns-spacing \" style=\"padding-top:48px;padding-bottom:48px;background-image:url(https:\/\/mcgestudio.com\/2015\/wp-content\/uploads\/2015\/04\/fondo.jpg);background-repeat:repeat-x;\" data-section-id=\"2d3fc1d1af4\">\r\n\t\t\t\t\r\n\t\t\t\t\r\n\t\t\t\t<div class=\"dslc-modules-section-wrapper dslc-clearfix\"><div  class=\"dslc-modules-area dslc-col dslc-12-col dslc-last-col\" data-size=\"12\" data-valign=\"\" data-modules-area-id=\"e5c0bdb5306\" ><style type=\"text\/css\" id=\"dslca-modules-area-e5c0bdb5306\">.dslc-modules-area[data-modules-area-id=\"e5c0bdb5306\"] {:px;margin-bottom:0px;:px;background-repeat:repeat;background-position:left top;background-attachment:scroll;background-size:auto;border-width:0px;border-style:solid;}<\/style>\r\n\t\t<div id=\"dslc-module-8731da14b3b\" class=\"dslc-module-front dslc-module-DSLC_Text_Simple dslc-in-viewport-check dslc-in-viewport-anim-none  dslc-col dslc-12-col dslc-last-col  dslc-module-handle-like-regular \" data-module-id=\"8731da14b3b\" data-module=\"DSLC_Text_Simple\" data-dslc-module-size=\"12\" data-dslc-anim=\"none\" data-dslc-anim-delay=\"\" data-dslc-anim-duration=\"650\"  data-dslc-anim-easing=\"ease\" data-dslc-preset=\"none\" >\r\n\r\n\t\t\t\r\n\t\t\t\r\n\t\t\n\t\t<div class=\"dslc-text-module-content\">\n\t\t\t<h1 style=\"text-align: center;\"><span style=\"color: #ffffff;\">Una imagen<\/span> <span style=\"color: #99cc00;\">vende m\u00e1s<\/span> <span style=\"color: #ffffff;\">que mil palabras<\/span><\/h1>\t\t<\/div>\n\n\t\t\r\n\t\t\t\t<\/div><!-- .dslc-module -->\r\n\t\t\r\n\t\t<div id=\"dslc-module-0qqa67r6bt\" class=\"dslc-module-front dslc-module-DSLC_Text_Simple dslc-in-viewport-check dslc-in-viewport-anim-none  dslc-col dslc-12-col dslc-last-col  dslc-module-handle-like-regular \" data-module-id=\"0qqa67r6bt\" data-module=\"DSLC_Text_Simple\" data-dslc-module-size=\"12\" data-dslc-anim=\"none\" data-dslc-anim-delay=\"\" data-dslc-anim-duration=\"650\"  data-dslc-anim-easing=\"ease\" data-dslc-preset=\"none\" >\r\n\r\n\t\t\t\r\n\t\t\t\r\n\t\t\n\t\t<div class=\"dslc-text-module-content\">\n\t\t\t<hr><h3>\u00a0<\/h3><h3 style=\"text-align: center;\"><span style=\"color: #ffffff;\">\u00a0\u00bfSer\u00edas capaz de explicar con palabras la belleza de la aurora boreal?<\/span><\/h3><h3 style=\"text-align: center;\"><span style=\"color: #ffffff;\">Por mucho que digas, siempre una imagen ser\u00e1 mucho mas llamativa y explicativa del evento.<\/span><\/h3><h4 style=\"text-align: center;\"><span style=\"color: #ffffff;\">Nuestra filosof\u00eda parte de esta premisa para proponer una imagen limpia y clara de tu empresa. Una imagen cuyo concepto hable y explique lo que haces y lo que puedes llegar a hacer exportando una primera impresi\u00f3n fiable y atractiva para tu cliente.<\/span><\/h4>\t\t<\/div>\n\n\t\t\r\n\t\t\t\t<\/div><!-- .dslc-module -->\r\n\t\t<\/div><\/div><\/div>\r\n\t\t\t<div  class=\"dslc-modules-section \" style=\"background-color:rgba(221,221,221,0.5);\" data-section-id=\"6af64a0f413\">\r\n\t\t\t\t\r\n\t\t\t\t\r\n\t\t\t\t<div class=\"dslc-modules-section-wrapper dslc-clearfix\"><div  class=\"dslc-modules-area dslc-col dslc-4-col dslc-first-col\" data-size=\"4\" data-valign=\"\" data-modules-area-id=\"8e797a31894\" ><style type=\"text\/css\" id=\"dslca-modules-area-8e797a31894\">.dslc-modules-area[data-modules-area-id=\"8e797a31894\"] {:px;margin-bottom:0px;:px;background-repeat:repeat;background-position:left top;background-attachment:scroll;background-size:auto;border-width:0px;border-style:solid;}<\/style>\r\n\t\t<div id=\"dslc-module-c1262ba3ae2\" class=\"dslc-module-front dslc-module-DSLC_Text_Simple dslc-in-viewport-check dslc-in-viewport-anim-none  dslc-col dslc-12-col dslc-last-col  dslc-module-handle-like-regular \" data-module-id=\"c1262ba3ae2\" data-module=\"DSLC_Text_Simple\" data-dslc-module-size=\"12\" data-dslc-anim=\"none\" data-dslc-anim-delay=\"\" data-dslc-anim-duration=\"650\"  data-dslc-anim-easing=\"ease\" data-dslc-preset=\"none\" >\r\n\r\n\t\t\t\r\n\t\t\t\r\n\t\t\n\t\t<div class=\"dslc-text-module-content\">\n\t\t\t<h1 style=\"text-align: center;\">Hablamos<\/h1>\t\t<\/div>\n\n\t\t\r\n\t\t\t\t<\/div><!-- .dslc-module -->\r\n\t\t\r\n\t\t<div id=\"dslc-module-0usnq4jsuh8\" class=\"dslc-module-front dslc-module-DSLC_Icon dslc-in-viewport-check dslc-in-viewport-anim-none  dslc-col dslc-12-col dslc-last-col  dslc-module-handle-like-regular \" data-module-id=\"0usnq4jsuh8\" data-module=\"DSLC_Icon\" data-dslc-module-size=\"12\" data-dslc-anim=\"none\" data-dslc-anim-delay=\"\" data-dslc-anim-duration=\"650\"  data-dslc-anim-easing=\"ease\" data-dslc-preset=\"none\" >\r\n\r\n\t\t\t\r\n\t\t\t\r\n\t\t\t\t\t\r\n\t\t\t<div class=\"dslc-micon-module\">\r\n\t\t\t\t\t\t\t\t\t<span class=\"dslc-icon dslc-icon-comments-alt\"><\/span>\t\r\n\t\t\t\t\t\t\t<\/div><!-- .dslc-micon-module -->\r\n\r\n\t\t\r\n\t\t\t\t<\/div><!-- .dslc-module -->\r\n\t\t\r\n\t\t<div id=\"dslc-module-1f37fc456e5\" class=\"dslc-module-front dslc-module-DSLC_Text_Simple dslc-in-viewport-check dslc-in-viewport-anim-none  dslc-col dslc-12-col dslc-last-col  dslc-module-handle-like-regular \" data-module-id=\"1f37fc456e5\" data-module=\"DSLC_Text_Simple\" data-dslc-module-size=\"12\" data-dslc-anim=\"none\" data-dslc-anim-delay=\"\" data-dslc-anim-duration=\"650\"  data-dslc-anim-easing=\"ease\" data-dslc-preset=\"none\" >\r\n\r\n\t\t\t\r\n\t\t\t\r\n\t\t\n\t\t<div class=\"dslc-text-module-content\">\n\t\t\t<p>Hablemos de tu empresa, lo que hace y lo que quieres que haga...<\/p>\t\t<\/div>\n\n\t\t\r\n\t\t\t\t<\/div><!-- .dslc-module -->\r\n\t\t<\/div><div  class=\"dslc-modules-area dslc-col dslc-4-col \" data-size=\"4\" data-valign=\"\" data-modules-area-id=\"c5ea87af9d4\" ><style type=\"text\/css\" id=\"dslca-modules-area-c5ea87af9d4\">.dslc-modules-area[data-modules-area-id=\"c5ea87af9d4\"] {:px;margin-bottom:0px;:px;background-repeat:repeat;background-position:left top;background-attachment:scroll;background-size:auto;border-width:0px;border-style:solid;}<\/style>\r\n\t\t<div id=\"dslc-module-e7fftj6ju68\" class=\"dslc-module-front dslc-module-DSLC_Text_Simple dslc-in-viewport-check dslc-in-viewport-anim-none  dslc-col dslc-12-col dslc-last-col  dslc-module-handle-like-regular \" data-module-id=\"e7fftj6ju68\" data-module=\"DSLC_Text_Simple\" data-dslc-module-size=\"12\" data-dslc-anim=\"none\" data-dslc-anim-delay=\"\" data-dslc-anim-duration=\"650\"  data-dslc-anim-easing=\"ease\" data-dslc-preset=\"none\" >\r\n\r\n\t\t\t\r\n\t\t\t\r\n\t\t\n\t\t<div class=\"dslc-text-module-content\">\n\t\t\t<h1 style=\"text-align: center;\">Pensamos<\/h1>\t\t<\/div>\n\n\t\t\r\n\t\t\t\t<\/div><!-- .dslc-module -->\r\n\t\t\r\n\t\t<div id=\"dslc-module-s438dc99qno\" class=\"dslc-module-front dslc-module-DSLC_Icon dslc-in-viewport-check dslc-in-viewport-anim-none  dslc-col dslc-12-col dslc-last-col  dslc-module-handle-like-regular \" data-module-id=\"s438dc99qno\" data-module=\"DSLC_Icon\" data-dslc-module-size=\"12\" data-dslc-anim=\"none\" data-dslc-anim-delay=\"\" data-dslc-anim-duration=\"650\"  data-dslc-anim-easing=\"ease\" data-dslc-preset=\"none\" >\r\n\r\n\t\t\t\r\n\t\t\t\r\n\t\t\t\t\t\r\n\t\t\t<div class=\"dslc-micon-module\">\r\n\t\t\t\t\t\t\t\t\t<span class=\"dslc-icon dslc-icon-cogs\"><\/span>\t\r\n\t\t\t\t\t\t\t<\/div><!-- .dslc-micon-module -->\r\n\r\n\t\t\r\n\t\t\t\t<\/div><!-- .dslc-module -->\r\n\t\t\r\n\t\t<div id=\"dslc-module-cedlq5id1t\" class=\"dslc-module-front dslc-module-DSLC_Text_Simple dslc-in-viewport-check dslc-in-viewport-anim-none  dslc-col dslc-12-col dslc-last-col  dslc-module-handle-like-regular \" data-module-id=\"cedlq5id1t\" data-module=\"DSLC_Text_Simple\" data-dslc-module-size=\"12\" data-dslc-anim=\"none\" data-dslc-anim-delay=\"\" data-dslc-anim-duration=\"650\"  data-dslc-anim-easing=\"ease\" data-dslc-preset=\"none\" >\r\n\r\n\t\t\t\r\n\t\t\t\r\n\t\t\n\t\t<div class=\"dslc-text-module-content\">\n\t\t\t<p>Dejanos valorar las posibilidades que hay y cual se ajusta a tus necesidades.<\/p>\t\t<\/div>\n\n\t\t\r\n\t\t\t\t<\/div><!-- .dslc-module -->\r\n\t\t<\/div><div  class=\"dslc-modules-area dslc-col dslc-4-col dslc-last-col\" data-size=\"4\" data-valign=\"\" data-modules-area-id=\"4fbd9dc8681\" ><style type=\"text\/css\" id=\"dslca-modules-area-4fbd9dc8681\">.dslc-modules-area[data-modules-area-id=\"4fbd9dc8681\"] {:px;margin-bottom:0px;:px;background-repeat:repeat;background-position:left top;background-attachment:scroll;background-size:auto;border-width:0px;border-style:solid;}<\/style>\r\n\t\t<div id=\"dslc-module-2cn61as0p6\" class=\"dslc-module-front dslc-module-DSLC_Text_Simple dslc-in-viewport-check dslc-in-viewport-anim-none  dslc-col dslc-12-col dslc-last-col  dslc-module-handle-like-regular \" data-module-id=\"2cn61as0p6\" data-module=\"DSLC_Text_Simple\" data-dslc-module-size=\"12\" data-dslc-anim=\"none\" data-dslc-anim-delay=\"\" data-dslc-anim-duration=\"650\"  data-dslc-anim-easing=\"ease\" data-dslc-preset=\"none\" >\r\n\r\n\t\t\t\r\n\t\t\t\r\n\t\t\n\t\t<div class=\"dslc-text-module-content\">\n\t\t\t<h1 style=\"text-align: center;\">Creamos<\/h1>\t\t<\/div>\n\n\t\t\r\n\t\t\t\t<\/div><!-- .dslc-module -->\r\n\t\t\r\n\t\t<div id=\"dslc-module-04l3nvdfit8\" class=\"dslc-module-front dslc-module-DSLC_Icon dslc-in-viewport-check dslc-in-viewport-anim-none  dslc-col dslc-12-col dslc-last-col  dslc-module-handle-like-regular \" data-module-id=\"04l3nvdfit8\" data-module=\"DSLC_Icon\" data-dslc-module-size=\"12\" data-dslc-anim=\"none\" data-dslc-anim-delay=\"\" data-dslc-anim-duration=\"650\"  data-dslc-anim-easing=\"ease\" data-dslc-preset=\"none\" >\r\n\r\n\t\t\t\r\n\t\t\t\r\n\t\t\t\t\t\r\n\t\t\t<div class=\"dslc-micon-module\">\r\n\t\t\t\t\t\t\t\t\t<span class=\"dslc-icon dslc-icon-gift\"><\/span>\t\r\n\t\t\t\t\t\t\t<\/div><!-- .dslc-micon-module -->\r\n\r\n\t\t\r\n\t\t\t\t<\/div><!-- .dslc-module -->\r\n\t\t\r\n\t\t<div id=\"dslc-module-vjc45b514lo\" class=\"dslc-module-front dslc-module-DSLC_Text_Simple dslc-in-viewport-check dslc-in-viewport-anim-none  dslc-col dslc-12-col dslc-last-col  dslc-module-handle-like-regular \" data-module-id=\"vjc45b514lo\" data-module=\"DSLC_Text_Simple\" data-dslc-module-size=\"12\" data-dslc-anim=\"none\" data-dslc-anim-delay=\"\" data-dslc-anim-duration=\"650\"  data-dslc-anim-easing=\"ease\" data-dslc-preset=\"none\" >\r\n\r\n\t\t\t\r\n\t\t\t\r\n\t\t\n\t\t<div class=\"dslc-text-module-content\">\n\t\t\t<p>Te entregaremos la imagen que mejor se ajuste a tus necesidades<\/p>\t\t<\/div>\n\n\t\t\r\n\t\t\t\t<\/div><!-- .dslc-module -->\r\n\t\t<\/div><\/div><\/div><\/div>","protected":false},"excerpt":{"rendered":"<p>Una imagen vende m\u00e1s que mil palabras \u00a0\u00a0\u00bfSer\u00edas capaz de explicar con palabras la belleza de la aurora boreal?Por mucho que digas, siempre una imagen ser\u00e1 mucho mas llamativa y explicativa del evento.Nuestra filosof\u00eda parte de esta premisa para proponer una imagen limpia y clara de tu empresa. Una imagen cuyo concepto hable y explique [&hellip;]<\/p>\n","protected":false},"author":1,"featured_media":0,"parent":0,"menu_order":0,"comment_status":"closed","ping_status":"closed","template":"","meta":{"footnotes":""},"class_list":["post-2","page","type-page","status-publish","hentry"],"_links":{"self":[{"href":"https:\/\/mcgestudio.com\/2015\/wp-json\/wp\/v2\/pages\/2","targetHints":{"allow":["GET"]}}],"collection":[{"href":"https:\/\/mcgestudio.com\/2015\/wp-json\/wp\/v2\/pages"}],"about":[{"href":"https:\/\/mcgestudio.com\/2015\/wp-json\/wp\/v2\/types\/page"}],"author":[{"embeddable":true,"href":"https:\/\/mcgestudio.com\/2015\/wp-json\/wp\/v2\/users\/1"}],"replies":[{"embeddable":true,"href":"https:\/\/mcgestudio.com\/2015\/wp-json\/wp\/v2\/comments?post=2"}],"version-history":[{"count":57,"href":"https:\/\/mcgestudio.com\/2015\/wp-json\/wp\/v2\/pages\/2\/revisions"}],"predecessor-version":[{"id":309,"href":"https:\/\/mcgestudio.com\/2015\/wp-json\/wp\/v2\/pages\/2\/revisions\/309"}],"wp:attachment":[{"href":"https:\/\/mcgestudio.com\/2015\/wp-json\/wp\/v2\/media?parent=2"}],"curies":[{"name":"wp","href":"https:\/\/api.w.org\/{rel}","templated":true}]}}